{"id":11009,"date":"2021-10-07T08:20:09","date_gmt":"2021-10-07T06:20:09","guid":{"rendered":"https:\/\/www.vadib.de\/?page_id=11009"},"modified":"2025-06-10T17:48:23","modified_gmt":"2025-06-10T15:48:23","slug":"blick-in-die-praxis","status":"publish","type":"page","link":"https:\/\/www.vadib.de\/?page_id=11009","title":{"rendered":"Blick in die Praxis"},"content":{"rendered":"\n<h4 class=\"wp-block-heading\"><a href=\"https:\/\/www.vadib.de\/?page_id=23532\">Veranstaltung \u201e\u00d6ffentlich gef\u00f6rderte Besch\u00e4ftigung und soziale Angebote in Quartieren\u201c (Mai 2025)<\/a><\/h4>\n\n\n\n<h4 class=\"wp-block-heading\"><a href=\"https:\/\/www.vadib.de\/wp-content\/uploads\/2025\/04\/VaDiB_Positionspapier_Oeffentlich-gefoerderte-Beschaeftigung_250430.pdf\">Positionspapier &#8222;Wie weiter mit \u00f6ffentlich gef\u00f6rderter Besch\u00e4ftigung in der Stadtgemeinde Bremen?&#8220; (April 2025)<\/a><\/h4>\n\n\n\n<h4 class=\"wp-block-heading\"><a href=\"https:\/\/www.vadib.de\/?page_id=16265\">Fachtag &#8222;Perspektiven f\u00fcr Langzeitarbeitslose&#8220; (November 2023)<\/a><\/h4>\n\n\n\n<h4 class=\"wp-block-heading\"><a href=\"https:\/\/www.vadib.de\/wp-content\/uploads\/2023\/08\/VaDiB_Perspektiven-fuer-Langzeitarbeitslose_230425.pdf\">Positionspapier &#8222;Perspektiven f\u00fcr Langzeitarbeitslose&#8220;<\/a> (April 2023)<\/h4>\n\n\n\n<h4 class=\"wp-block-heading\"><a href=\"https:\/\/www.vadib.de\/?page_id=14707\">Fachtag &#8222;Qualifizieren f\u00fcr Besch\u00e4ftigung&#8220; (Februar 2023)<\/a><\/h4>\n\n\n\n<h4 class=\"wp-block-heading\"><a href=\"https:\/\/www.vadib.de\/?page_id=10815\">Videoclips &#8222;Weiterbildung&#8220;<\/a><\/h4>\n\n\n\n<h4 class=\"wp-block-heading\"><a href=\"https:\/\/www.vadib.de\/?page_id=10813\">Videoclips<em> <\/em>&#8222;Besch\u00e4ftigung&#8220;<\/a><\/h4>\n","protected":false},"excerpt":{"rendered":"<p>Veranstaltung \u201e\u00d6ffentlich gef\u00f6rderte Besch\u00e4ftigung und soziale Angebote in Quartieren\u201c (Mai 2025) Positionspapier &#8222;Wie weiter mit \u00f6ffentlich gef\u00f6rderter Besch\u00e4ftigung in der Stadtgemeinde Bremen?&#8220; (April 2025) Fachtag &#8222;Perspektiven f\u00fcr Langzeitarbeitslose&#8220; (November 2023) Positionspapier &#8222;Perspektiven f\u00fcr Langzeitarbeitslose&#8220; (April 2023) Fachtag &#8222;Qualifizieren f\u00fcr Besch\u00e4ftigung&#8220; (Februar 2023) Videoclips &#8222;Weiterbildung&#8220; Videoclips &#8222;Besch\u00e4ftigung&#8220;<\/p>\n","protected":false},"author":1,"featured_media":0,"parent":0,"menu_order":0,"comment_status":"closed","ping_status":"closed","template":"","meta":{"footnotes":""},"class_list":["post-11009","page","type-page","status-publish","hentry"],"_links":{"self":[{"href":"https:\/\/www.vadib.de\/index.php?rest_route=\/wp\/v2\/pages\/11009","targetHints":{"allow":["GET"]}}],"collection":[{"href":"https:\/\/www.vadib.de\/index.php?rest_route=\/wp\/v2\/pages"}],"about":[{"href":"https:\/\/www.vadib.de\/index.php?rest_route=\/wp\/v2\/types\/page"}],"author":[{"embeddable":true,"href":"https:\/\/www.vadib.de\/index.php?rest_route=\/wp\/v2\/users\/1"}],"replies":[{"embeddable":true,"href":"https:\/\/www.vadib.de\/index.php?rest_route=%2Fwp%2Fv2%2Fcomments&post=11009"}],"version-history":[{"count":12,"href":"https:\/\/www.vadib.de\/index.php?rest_route=\/wp\/v2\/pages\/11009\/revisions"}],"predecessor-version":[{"id":23643,"href":"https:\/\/www.vadib.de\/index.php?rest_route=\/wp\/v2\/pages\/11009\/revisions\/23643"}],"wp:attachment":[{"href":"https:\/\/www.vadib.de\/index.php?rest_route=%2Fwp%2Fv2%2Fmedia&parent=11009"}],"curies":[{"name":"wp","href":"https:\/\/api.w.org\/{rel}","templated":true}]}}