{"id":10813,"date":"2021-09-06T11:32:21","date_gmt":"2021-09-06T09:32:21","guid":{"rendered":"https:\/\/www.vadib.de\/?page_id=10813"},"modified":"2024-06-09T14:35:38","modified_gmt":"2024-06-09T12:35:38","slug":"beschaeftigung","status":"publish","type":"page","link":"https:\/\/www.vadib.de\/?page_id=10813","title":{"rendered":"Besch\u00e4ftigung &#8211; Videos"},"content":{"rendered":"\n<p>Einblicke in die Praxis \u00f6ffentlich gef\u00f6rderter Besch\u00e4ftigung<\/p>\n\n\n<div class=\"wp-block-image\">\n<figure class=\"alignleft size-large is-resized\"><a href=\"https:\/\/vimeo.com\/604756242\/9c267ea5ee\"><img loading=\"lazy\" decoding=\"async\" width=\"1024\" height=\"575\" src=\"https:\/\/www.vadib.de\/wp-content\/uploads\/2021\/10\/Beschaeftigung_Gastronomie-1024x575.png\" alt=\"\" class=\"wp-image-11026\" style=\"width:320px\" srcset=\"https:\/\/www.vadib.de\/wp-content\/uploads\/2021\/10\/Beschaeftigung_Gastronomie-1024x575.png 1024w, https:\/\/www.vadib.de\/wp-content\/uploads\/2021\/10\/Beschaeftigung_Gastronomie-300x168.png 300w, https:\/\/www.vadib.de\/wp-content\/uploads\/2021\/10\/Beschaeftigung_Gastronomie-768x431.png 768w, https:\/\/www.vadib.de\/wp-content\/uploads\/2021\/10\/Beschaeftigung_Gastronomie.png 1152w\" sizes=\"auto, (max-width: 767px) 89vw, (max-width: 1000px) 54vw, (max-width: 1071px) 543px, 580px\" \/><\/a><\/figure>\n<\/div>\n\n<div class=\"wp-block-image\">\n<figure class=\"alignleft size-large is-resized\"><a href=\"https:\/\/vimeo.com\/604758384\/144307f725\"><img loading=\"lazy\" decoding=\"async\" width=\"1024\" height=\"576\" src=\"https:\/\/www.vadib.de\/wp-content\/uploads\/2021\/10\/Beschaeftigung_Handwerk-1024x576.png\" alt=\"\" class=\"wp-image-11028\" style=\"width:320px\" srcset=\"https:\/\/www.vadib.de\/wp-content\/uploads\/2021\/10\/Beschaeftigung_Handwerk-1024x576.png 1024w, https:\/\/www.vadib.de\/wp-content\/uploads\/2021\/10\/Beschaeftigung_Handwerk-300x169.png 300w, https:\/\/www.vadib.de\/wp-content\/uploads\/2021\/10\/Beschaeftigung_Handwerk-768x432.png 768w, https:\/\/www.vadib.de\/wp-content\/uploads\/2021\/10\/Beschaeftigung_Handwerk.png 1152w\" sizes=\"auto, (max-width: 767px) 89vw, (max-width: 1000px) 54vw, (max-width: 1071px) 543px, 580px\" \/><\/a><\/figure>\n<\/div>\n\n<div class=\"wp-block-image\">\n<figure class=\"alignleft size-large is-resized\"><a href=\"https:\/\/vimeo.com\/604125031\/cbc6fb1dbe\"><img loading=\"lazy\" decoding=\"async\" width=\"1024\" height=\"577\" src=\"https:\/\/www.vadib.de\/wp-content\/uploads\/2021\/10\/Beschaeftigung_Ladenverkauf-1024x577.png\" alt=\"\" class=\"wp-image-11029\" style=\"width:320px\" srcset=\"https:\/\/www.vadib.de\/wp-content\/uploads\/2021\/10\/Beschaeftigung_Ladenverkauf-1024x577.png 1024w, https:\/\/www.vadib.de\/wp-content\/uploads\/2021\/10\/Beschaeftigung_Ladenverkauf-300x169.png 300w, https:\/\/www.vadib.de\/wp-content\/uploads\/2021\/10\/Beschaeftigung_Ladenverkauf-768x433.png 768w, https:\/\/www.vadib.de\/wp-content\/uploads\/2021\/10\/Beschaeftigung_Ladenverkauf.png 1152w\" sizes=\"auto, (max-width: 767px) 89vw, (max-width: 1000px) 54vw, (max-width: 1071px) 543px, 580px\" \/><\/a><\/figure>\n<\/div>\n\n<div class=\"wp-block-image\">\n<figure class=\"alignleft size-large is-resized\"><a href=\"https:\/\/vimeo.com\/600930918\/de360a3711\"><img loading=\"lazy\" decoding=\"async\" width=\"1024\" height=\"578\" src=\"https:\/\/www.vadib.de\/wp-content\/uploads\/2021\/10\/Beschaeftigung_Quartier-Service-1024x578.png\" alt=\"\" class=\"wp-image-11030\" style=\"width:320px\" srcset=\"https:\/\/www.vadib.de\/wp-content\/uploads\/2021\/10\/Beschaeftigung_Quartier-Service-1024x578.png 1024w, https:\/\/www.vadib.de\/wp-content\/uploads\/2021\/10\/Beschaeftigung_Quartier-Service-300x169.png 300w, https:\/\/www.vadib.de\/wp-content\/uploads\/2021\/10\/Beschaeftigung_Quartier-Service-768x433.png 768w, https:\/\/www.vadib.de\/wp-content\/uploads\/2021\/10\/Beschaeftigung_Quartier-Service.png 1152w\" sizes=\"auto, (max-width: 767px) 89vw, (max-width: 1000px) 54vw, (max-width: 1071px) 543px, 580px\" \/><\/a><\/figure>\n<\/div>\n\n<div class=\"wp-block-image\">\n<figure class=\"alignleft size-large is-resized\"><a href=\"https:\/\/vimeo.com\/604138208\/eecf40eb23\"><img loading=\"lazy\" decoding=\"async\" width=\"1024\" height=\"575\" src=\"https:\/\/www.vadib.de\/wp-content\/uploads\/2021\/10\/Beschaeftigung_Stadtteilkultur-1024x575.png\" alt=\"\" class=\"wp-image-11031\" style=\"width:320px\" srcset=\"https:\/\/www.vadib.de\/wp-content\/uploads\/2021\/10\/Beschaeftigung_Stadtteilkultur-1024x575.png 1024w, https:\/\/www.vadib.de\/wp-content\/uploads\/2021\/10\/Beschaeftigung_Stadtteilkultur-300x168.png 300w, https:\/\/www.vadib.de\/wp-content\/uploads\/2021\/10\/Beschaeftigung_Stadtteilkultur-768x431.png 768w, https:\/\/www.vadib.de\/wp-content\/uploads\/2021\/10\/Beschaeftigung_Stadtteilkultur.png 1152w\" sizes=\"auto, (max-width: 767px) 89vw, (max-width: 1000px) 54vw, (max-width: 1071px) 543px, 580px\" \/><\/a><\/figure>\n<\/div>\n\n<div class=\"wp-block-image\">\n<figure class=\"alignleft size-large is-resized\"><a href=\"https:\/\/vimeo.com\/606547609\/08925fbae4\"><img loading=\"lazy\" decoding=\"async\" width=\"1024\" height=\"576\" src=\"https:\/\/www.vadib.de\/wp-content\/uploads\/2021\/10\/Beschaeftigung_Angebote-1024x576.png\" alt=\"\" class=\"wp-image-11032\" style=\"width:320px\" srcset=\"https:\/\/www.vadib.de\/wp-content\/uploads\/2021\/10\/Beschaeftigung_Angebote-1024x576.png 1024w, https:\/\/www.vadib.de\/wp-content\/uploads\/2021\/10\/Beschaeftigung_Angebote-300x169.png 300w, https:\/\/www.vadib.de\/wp-content\/uploads\/2021\/10\/Beschaeftigung_Angebote-768x432.png 768w, https:\/\/www.vadib.de\/wp-content\/uploads\/2021\/10\/Beschaeftigung_Angebote.png 1152w\" sizes=\"auto, (max-width: 767px) 89vw, (max-width: 1000px) 54vw, (max-width: 1071px) 543px, 580px\" \/><\/a><\/figure>\n<\/div>\n\n\n<p><\/p>\n","protected":false},"excerpt":{"rendered":"<p>Einblicke in die Praxis \u00f6ffentlich gef\u00f6rderter Besch\u00e4ftigung<\/p>\n","protected":false},"author":1,"featured_media":0,"parent":0,"menu_order":0,"comment_status":"closed","ping_status":"closed","template":"","meta":{"footnotes":""},"class_list":["post-10813","page","type-page","status-publish","hentry"],"_links":{"self":[{"href":"https:\/\/www.vadib.de\/index.php?rest_route=\/wp\/v2\/pages\/10813","targetHints":{"allow":["GET"]}}],"collection":[{"href":"https:\/\/www.vadib.de\/index.php?rest_route=\/wp\/v2\/pages"}],"about":[{"href":"https:\/\/www.vadib.de\/index.php?rest_route=\/wp\/v2\/types\/page"}],"author":[{"embeddable":true,"href":"https:\/\/www.vadib.de\/index.php?rest_route=\/wp\/v2\/users\/1"}],"replies":[{"embeddable":true,"href":"https:\/\/www.vadib.de\/index.php?rest_route=%2Fwp%2Fv2%2Fcomments&post=10813"}],"version-history":[{"count":9,"href":"https:\/\/www.vadib.de\/index.php?rest_route=\/wp\/v2\/pages\/10813\/revisions"}],"predecessor-version":[{"id":19260,"href":"https:\/\/www.vadib.de\/index.php?rest_route=\/wp\/v2\/pages\/10813\/revisions\/19260"}],"wp:attachment":[{"href":"https:\/\/www.vadib.de\/index.php?rest_route=%2Fwp%2Fv2%2Fmedia&parent=10813"}],"curies":[{"name":"wp","href":"https:\/\/api.w.org\/{rel}","templated":true}]}}